1670 = -2*f + f, w = -3*b + 3*f + 2502. What is the hundreds digit of b?
8
Let u be (2/3*15)/(2*1). Let g = -15 + u. What is the units digit of 74 - (-9)/(-15)*(g - -5)?
7
Suppose -d + 17 = 5*q, -3*d = 5*q - 9*q + 6. Suppose q*o + 3*p = 5*o - 1022, 2*p - 8 = 0. What is the tens digit of o?
1
Let o(w) = 1404*w - 1322. What is the ten thousands digit of o(25)?
3
What is the hundreds digit of ((-4)/(-14))/(2/(-45388)*-4)?
6
Let v(q) = -35*q + 400. What is the units digit of v(-49)?
5
Suppose -4*f + 38 = 5*n, -2*n + 18 - 2 = 2*f. Suppose 5*r = 2*t - 493, 2*t - n*r = -8*r + 458. What is the tens digit of t?
3
Let w = 82 - 103. Let t = -77 - w. What is the units digit of t/21*(-147)/4?
8
Let f(p) = p**3 - 29*p**2 + 27*p + 28. Let o be f(28). Suppose o = 5*i - 3*d - 204, 3*i + 0*i - d - 120 = 0. What is the units digit of i?
9
Suppose 0 = -108*f + 155640 - 239318 + 654566. What is the tens digit of f?
8
Let f(u) = u**3 + 21*u**2 + 42*u - 14. Suppose -4*r + k = -4*k - 17, 3*r + k - 8 = 0. Let q be -8 + 9 - (19*r)/3. What is the units digit of f(q)?
2
Let o(t) = -3937*t + 176. What is the ten thousands digit of o(-5)?
1
Let k = 113 + -102. Let p(g) = 136*g**2 + 21*g + 31. Let d(i) = 27*i**2 + 4*i + 6. Let a(m) = k*d(m) - 2*p(m). What is the tens digit of a(-2)?
0
Let m(o) = o + 6. Let w be m(-2). Suppose 6 = 2*n + 3*i - i, -3 = -n + w*i. Suppose 430 + 302 = n*y. What is the tens digit of y?
4
Let y be 1/(((-4)/(-2))/8). Suppose -2*g = -y - 14. Suppose -5*c = -g*c + 588. What is the tens digit of c?
4
Let q(o) = 66*o. Let i be q(10). Suppose 7*w + 4*w = -i. Let t = -48 - w. What is the units digit of t?
2
Suppose -4*l + 21596 = 5*d, -2*d - 3*l + 4*l + 8628 = 0. What is the thousands digit of d?
4
Let b(q) = q**3 - 7*q**2 - 6*q - 19. Let x be b(8). Let t be ((-18)/(-15))/(x/(-10)). Suppose t*h - 51 - 177 = 0. What is the tens digit of h?
5
Let z(q) = q**2 - 16*q + 40. Let j be z(3). Let y = 8 + -12. What is the tens digit of (j*(-411)/(-6))/(y/(-8))?
3
Let v = 1585 - 47. Suppose -5*u + 13*i - 14*i + 3845 = 0, -2*u + i = -v. What is the hundreds digit of u?
7
Let n(l) = -l**2 - 11*l + 7 - 6*l - 15. Suppose 0 = -m - 7. What is the units digit of n(m)?
2
Suppose p - 801 - 504 = 0. Suppose -3*a + p = 5*t, 10*t - 5*t = 4*a + 1340. What is the tens digit of t?
6
Let l(t) = 77*t - 1919. What is the thousands digit of l(105)?
6
Suppose 0 = 8*c + 3*c + 748. Let q = c + 62. Let w(r) = r**2 - 4*r + 24. What is the units digit of w(q)?
4
Suppose 5*j = 2*f - 97, 5*j = -f - 0*j + 26. Suppose f*y - 44*y + 2340 = 0. What is the hundreds digit of y?
7
Suppose 47*u - 3*q = 45*u + 23598, -4*q = 16. What is the ten thousands digit of u?
1
Suppose 3*t - 4*q + 410 = -1690, -q - 3 = 0. Let h = 759 + t. What is the units digit of h?
5
Let q(u) be the third derivative of 179*u**4/24 + 8*u**3/3 + 3*u**2 - 10. What is the tens digit of q(3)?
5
Let m(h) be the third derivative of -h**6/8 - h**5/12 - h**4/3 + h**3/3 + 154*h**2. What is the tens digit of m(-2)?
1
Let a = -11888 - -19170. What is the tens digit of a?
8
Suppose -4*u - 126 = 5*h, -5*h - 3*u = -h + 100. Let o be (-966)/253 + 4/h. What is the units digit of 30/o*140/(-21)?
0
Suppose -3*v + 29204 = m, 0 = -5*v - 4*m + 20431 + 28254. What is the thousands digit of v?
9
Let w = 113 - 140. Let s = -12 - w. What is the units digit of s?
5
Let h be (287804/(-36))/11 - (-2)/(-9). What is the hundreds digit of (-1 - h)*(130/20 - 6)?
3
Suppose 0*z - 21 = z + 4*i, 3*i + 12 = 0. Let p be (-123)/(-3) - (-3 - 20/z). Suppose o = 215 - p. What is the units digit of o?
5
Suppose -15*j + 10*j = -650. Suppose 2*d + b - 211 = 0, -d - 3*b - 32 + j = 0. Let y = d - 51. What is the tens digit of y?
5
Suppose 123*y - 82*y - 405408 = 0. What is the tens digit of y?
8
Let j(c) = -c**3 - 4*c**2 - 13*c - 37. Let y = -148 + 140. What is the units digit of j(y)?
3
Let h(i) = 5*i**2 - i - 8. Let t be h(3). Suppose -z + 70 = -2*c, -z + t + 24 = c. What is the tens digit of z?
6
Let x be 1*-5 - (-3843 + -9)/9. Suppose -x = -5*z + 1267. What is the units digit of z?
8
Suppose -6*a + 3*a = -18. Suppose -3*d + 601 = 2*j, a*d - 3*d = 5*j - 1534. Let g = j - 217. What is the units digit of g?
8
Let s(v) = 8*v**3 - 17*v**2 + 93*v - 137. What is the tens digit of s(12)?
5
Let t(g) be the first derivative of -17*g**4/24 + 5*g**3/3 - 18*g**2 - 13. Let u(w) be the second derivative of t(w). What is the tens digit of u(-4)?
7
Let p be 37/(-6) - 5/(-30). Let c be ((-16)/p)/4*(-21)/14. Let s = 71 + c. What is the tens digit of s?
7
Suppose 0 = 4*u - 6*u + 58. Suppose -u*j - 7452 = -32*j. What is the hundreds digit of j/20 - 8/(-10)?
1
Suppose 33*m + 211642 = 91*m. What is the thousands digit of m?
3
Let d(y) be the first derivative of -11*y**2/2 - 6*y + 1147. Let u(t) = -t**2 - 2*t + 2. Let h be u(2). What is the units digit of d(h)?
0
Let o(h) = -2*h**2 + 10*h - 27. Let d be o(3). Let a = -42 - 11. Let g = d - a. What is the tens digit of g?
3
Suppose -25 + 67 = 14*s. Suppose 3*v = 2*n - 7*n + 6, n + 2*v = -s. Let m(l) = 7*l**3 + 2*l**2 - 2*l - 3. What is the units digit of m(n)?
8
What is the thousands digit of (-11)/(-33) + (-249504)/(-36)?
6
Let p be (-90)/(-6)*((-64)/6)/(-2). Suppose -2*l = -z + 275, l - 752 = -3*z + p. What is the tens digit of z?
7
Suppose 20*t - 41742 = 17*t + 3*w, -13934 = -t - 4*w. What is the hundreds digit of t?
9
Let y = -552 + 555. Suppose -d = -y*x - x - 983, 4*x + 1958 = 2*d. What is the hundreds digit of d?
9
Suppose -5*r + 2 = 5*d + 32, -3*r = -2*d - 27. Let m be 4018/18 + -3 - (-2)/d. Let f = m + -103. What is the tens digit of f?
1
Let y(c) = 2*c**2 - 21*c - 9. Let g be y(11). Suppose -g*a = -11*a - 162. What is the tens digit of (13/2)/((-39)/a + -2)?
3
Let q = -13520 + 24553. What is the hundreds digit of q?
0
Let s = -1807 + 1812. Let y(p) = 5*p**3 - 1. Let a be y(1). Suppose -3*i + s*k - k + 350 = 0, -a*k = i - 122. What is the tens digit of i?
1
Let d = 2134 - 1185. Suppose -w + d = 3*k - 1241, -3*k - 5*w = -2190. What is the tens digit of k?
3
Let r = -7398 + 8730. What is the tens digit of r?
3
Let k(p) = p**3 + 6*p**2 + 7*p - 1. Suppose 5*z = -5*h + 40, z + 3*h + 1 - 9 = 0. Let q be (-1 - -4)*(z/(-4) + 1). What is the units digit of k(q)?
5
Let v = -6694 - -12024. What is the tens digit of v?
3
Suppose -213*p + 224*p - 647383 = 0. What is the ten thousands digit of p?
5
Suppose 0 = 3*i - 3*g - 90162, 4*g - 177673 = -4*i - 57433. What is the tens digit of i?
5
Let v(t) = -2*t**2 + 3*t**3 + t**3 + t - 2*t**3 + 390 - 394. What is the tens digit of v(4)?
9
Suppose 24*u - 14955 - 24842 = 81091. What is the tens digit of u?
3
Let r = 137270 - 92350. What is the hundreds digit of r?
9
Let u(t) = -t**2 + 6*t + 6. Let z be u(6). Suppose 0 = z*o + 486 - 2754. What is the hundreds digit of o?
3
Let g(m) = -699*m**3 - m**2 - 5*m - 12. What is the units digit of g(-2)?
6
Suppose 0 = -6*g + 2*g - 564. Let o = -69 - g. Let m = o - 39. What is the tens digit of m?
3
Let r = 5847 + -5066. What is the tens digit of r?
8
Let m(d) = -d**2 - 20*d + 38. Suppose 2*h - 31 = 3*l, 3*l - 4*h + 32 = 9. What is the units digit of m(l)?
9
Let k be ((8 - 3) + -125)*(-8 - 1). Suppose -1236 = -12*y + k. What is the hundreds digit of y?
1
Let x = -752 - -797. Suppose -50*j = -x*j - 7420. What is the hundreds digit of j?
4
Suppose -3*q - 2*w = 2*q - 33, q + 3 = 2*w. Suppose 0 = -r - 4*k - k - 27, k - 161 = q*r. Let f = 119 + r. What is the tens digit of f?
8
Let x = -10 - -3. Let t(z) be the second derivative of -2*z**3/3 + 6*z**2 - 4*z - 13. What is the units digit of t(x)?
0
Suppose -5*k + 202 = -2*c, -5*k - 3*c + 190 = -8*c. Suppose b - 205 = -k. Suppose 694 - b = 9*t. What is the tens digit of t?
5
Suppose 52087 = 8*j + 19327. What is the units digit of j?
5
Suppose 120*x - 2868560 - 2136458 = 297422. What is the thousands digit of x?
4
Let u = -487 + 1255. Let p = -427 + u. What is the tens digit of p?
4
Suppose 0 = 6*d - 210 - 390. Let g = 371 - d. What is the units digit of g?
1
Let x be (-316)/(2 - -2) + 1 + 3. Let p = x - -79. Suppose p*f = -v + 2*v - 83, 5*v + f - 373 = 0. What is the tens digit of v?
7
Suppose 2*p + 2470 = 3*w + 16451, 2*p - 13973 = -5*w. What is the units digit of p?
9
Let d = -1905 + 50124. What is the hundreds digit of d